{"id":5,"date":"2018-11-06T10:34:24","date_gmt":"2018-11-06T10:34:24","guid":{"rendered":"http:\/\/jerzyszymik.pl\/index.php\/home\/"},"modified":"2025-05-29T16:09:05","modified_gmt":"2025-05-29T16:09:05","slug":"home","status":"publish","type":"page","link":"https:\/\/jerzyszymik.pl\/","title":{"rendered":"Strona g\u0142\u00f3wna"},"content":{"rendered":"<div class=\"wpb-content-wrapper\"><p>[vc_row full_width=&#8221;stretch_row_content&#8221; full_height=&#8221;yes&#8221; columns_placement=&#8221;bottom&#8221; equal_height=&#8221;yes&#8221; content_placement=&#8221;middle&#8221; bg_type=&#8221;video&#8221; video_url=&#8221;http:\/\/jerzyszymik.pl\/wp-content\/uploads\/2019\/07\/Pexels-Videos-1620050.mp4&#8243; video_url_2=&#8221;http:\/\/jerzyszymik.pl\/wp-content\/uploads\/2019\/07\/Pexels-Videos-1620050.webm&#8221; video_opts=&#8221;loop,muted&#8221; video_poster=&#8221;id^780|url^http:\/\/jerzyszymik.pl\/wp-content\/uploads\/2019\/07\/video-bg.jpg|caption^null|alt^null|title^video-bg|description^null&#8221; viewport_vdo=&#8221;viewport_play&#8221; bg_override=&#8221;ex-full&#8221; enable_overlay=&#8221;enable_overlay_value&#8221; overlay_color=&#8221;rgba(34,33,35,0.3)&#8221; overlay_pattern=&#8221;01.png&#8221; overlay_pattern_opacity=&#8221;10&#8243; css=&#8221;.vc_custom_1746645278964{padding-top: 0px !important;padding-bottom: 0px !important;background-color: #222123 !important;}&#8221;][vc_column css_animation=&#8221;none&#8221; width=&#8221;2\/3&#8243; css=&#8221;.vc_custom_1562781881621{padding-top: 150px !important;padding-bottom: 50px !important;padding-left: 50px !important;background-position: center !important;background-repeat: no-repeat !important;background-size: cover !important;}&#8221; el_class=&#8221;higher-z-index&#8221; offset=&#8221;vc_col-lg-7 vc_col-md-7 vc_col-xs-12&#8243;]<div id=\"ultimate-heading-890269ddfd6ebaac0\" class=\"uvc-heading ult-adjust-bottom-margin ultimate-heading-890269ddfd6ebaac0 uvc-7283 border-fix\" data-hspacer=\"no_spacer\"  data-halign=\"left\" style=\"text-align:left\"><div class=\"uvc-heading-spacer no_spacer\" style=\"top\"><\/div><div class=\"uvc-main-heading ult-responsive\"  data-ultimate-target='.uvc-heading.ultimate-heading-890269ddfd6ebaac0 h1'  data-responsive-json-new='{\"font-size\":\"desktop:86px;tablet:76px;tablet_portrait:66px;mobile_landscape:56px;\",\"line-height\":\"desktop:96px;tablet:86px;tablet_portrait:76px;mobile_landscape:66px;\"}' ><h1 style=\"--font-weight:theme;color:#ffffff;margin-bottom:5px;\">Ks. Jerzy Szymik<\/h1><\/div><\/div><div id=\"ultimate-heading-627769ddfd6ebaaee\" class=\"uvc-heading ult-adjust-bottom-margin ultimate-heading-627769ddfd6ebaaee uvc-4352  uvc-heading-default-font-sizes\" data-hspacer=\"no_spacer\"  data-halign=\"left\" style=\"text-align:left\"><div class=\"uvc-heading-spacer no_spacer\" style=\"top\"><\/div><div class=\"uvc-sub-heading ult-responsive\"  data-ultimate-target='.uvc-heading.ultimate-heading-627769ddfd6ebaaee .uvc-sub-heading '  data-responsive-json-new='{\"font-size\":\"desktop:20px;mobile_landscape:18px;\",\"line-height\":\"desktop:30px;mobile_landscape:28px;\"}'  style=\"font-weight:normal;color:#ffffff;margin-bottom:40px;\">Ksi\u0105dz rzymskokatolicki, duszpasterz, profesor teologii dogmatycznej, poeta,<br \/>\ndziennikarz<\/div><\/div>[\/vc_column][\/vc_row][vc_row equal_height=&#8221;yes&#8221; content_placement=&#8221;middle&#8221; bg_type=&#8221;bg_color&#8221; bg_override=&#8221;full&#8221; css=&#8221;.vc_custom_1561963340415{padding-top: 70px !important;padding-bottom: 70px !important;}&#8221; bg_color_value=&#8221;#f7f7f7&#8243;][vc_column width=&#8221;5\/6&#8243; offset=&#8221;vc_col-lg-offset-2 vc_col-lg-8 vc_col-md-offset-2 vc_col-md-8 vc_col-sm-offset-1 vc_col-xs-12&#8243;]<div id=\"ultimate-heading-54469ddfd6ebab0d\" class=\"uvc-heading ult-adjust-bottom-margin ultimate-heading-54469ddfd6ebab0d uvc-5649  uvc-heading-default-font-sizes\" data-hspacer=\"no_spacer\"  data-halign=\"center\" style=\"text-align:center\"><div class=\"uvc-heading-spacer no_spacer\" style=\"top\"><\/div><div class=\"uvc-main-heading ult-responsive\"  data-ultimate-target='.uvc-heading.ultimate-heading-54469ddfd6ebab0d h2'  data-responsive-json-new='{\"font-size\":\"\",\"line-height\":\"\"}' ><h2 style=\"--font-weight:theme;margin-bottom:30px;\">Najpi\u0119kniejsze, co mog\u0142o si\u0119 przydarzy\u0107 tej ziemi, to chrze\u015bcija\u0144stwo.<\/h2><\/div><\/div><div id=\"ultimate-heading-260569ddfd6ebab23\" class=\"uvc-heading ult-adjust-bottom-margin ultimate-heading-260569ddfd6ebab23 uvc-6919  uvc-heading-default-font-sizes\" data-hspacer=\"no_spacer\"  data-halign=\"center\" style=\"text-align:center\"><div class=\"uvc-heading-spacer no_spacer\" style=\"top\"><\/div><\/div>[\/vc_column][\/vc_row][vc_row equal_height=&#8221;yes&#8221; content_placement=&#8221;middle&#8221; css=&#8221;.vc_custom_1561963076569{padding-top: 80px !important;padding-bottom: 50px !important;}&#8221;][vc_column width=&#8221;1\/2&#8243; css=&#8221;.vc_custom_1560072192480{padding-top: 0px !important;}&#8221;][vc_single_image image=&#8221;1424&#8243; img_size=&#8221;1200&#215;800&#8243; css=&#8221;.vc_custom_1746643244551{margin-bottom: 30px !important;}&#8221;][\/vc_column][vc_column width=&#8221;1\/2&#8243; css=&#8221;.vc_custom_1561963098372{padding-bottom: 30px !important;}&#8221;]<div id=\"ultimate-heading-331969ddfd6ebab3c\" class=\"uvc-heading ult-adjust-bottom-margin ultimate-heading-331969ddfd6ebab3c uvc-4729  uvc-heading-default-font-sizes\" data-hspacer=\"no_spacer\"  data-halign=\"left\" style=\"text-align:left\"><div class=\"uvc-heading-spacer no_spacer\" style=\"top\"><\/div><div class=\"uvc-main-heading ult-responsive\"  data-ultimate-target='.uvc-heading.ultimate-heading-331969ddfd6ebab3c h2'  data-responsive-json-new='{\"font-size\":\"\",\"line-height\":\"\"}' ><h2 style=\"--font-weight:theme;margin-bottom:30px;\">Jerzy Szymik<\/h2><\/div><div class=\"uvc-sub-heading ult-responsive\"  data-ultimate-target='.uvc-heading.ultimate-heading-331969ddfd6ebab3c .uvc-sub-heading '  data-responsive-json-new='{\"font-size\":\"\",\"line-height\":\"\"}'  style=\"font-weight:normal;\"><\/p>\n<p style=\"text-align: center;\">Ur. 1953 r. w Pszowie na G\u00f3rnym \u015al\u0105sku, kap\u0142an Archidiecezji Katowickiej,<br \/>\nemerytowany profesor nauk teologicznych, poeta, publicysta. Specjalizuje si\u0119 w chrystologii,<br \/>\nmetodologii teologii, teologii kultury, teologii J. Ratzingera\/Benedykta XVI. 1986-2008<br \/>\nzwi\u0105zany z Katolickim Uniwersytetem Lubelskim, od 2005 z WTL Uniwersytetu \u015al\u0105skiego w<br \/>\nKatowicach; 2004-2014 cz\u0142onek Mi\u0119dzynarodowej Komisji Teologicznej. Autor 70 ksi\u0105\u017cek<br \/>\nnaukowych, poetyckich i eseistycznych.<\/p>\n<p><\/div><\/div>[\/vc_column][\/vc_row][vc_row full_width=&#8221;stretch_row&#8221; bg_type=&#8221;image&#8221; parallax_style=&#8221;vcpb-default&#8221; bg_image_new=&#8221;id^883|url^http:\/\/jerzyszymik.pl\/wp-content\/uploads\/2019\/07\/bg-art-church.png|caption^null|alt^null|title^bg-art-church|description^null&#8221; bg_image_repeat=&#8221;no-repeat&#8221; bg_image_size=&#8221;initial&#8221; bg_image_posiiton=&#8221;right top&#8221; bg_override=&#8221;ex-full&#8221; css=&#8221;.vc_custom_1562071268685{padding-top: 70px !important;padding-bottom: 80px !important;background-color: #34421e !important;}&#8221;][vc_column]<div id=\"ultimate-heading-216769ddfd6ebab51\" class=\"uvc-heading ult-adjust-bottom-margin ultimate-heading-216769ddfd6ebab51 uvc-1562  uvc-heading-default-font-sizes\" data-hspacer=\"no_spacer\"  data-halign=\"center\" style=\"text-align:center\"><div class=\"uvc-heading-spacer no_spacer\" style=\"top\"><\/div><div class=\"uvc-main-heading ult-responsive\"  data-ultimate-target='.uvc-heading.ultimate-heading-216769ddfd6ebab51 h2'  data-responsive-json-new='{\"font-size\":\"\",\"line-height\":\"\"}' ><h2 style=\"--font-weight:theme;color:#ffffff;margin-bottom:50px;\">Galeria<\/h2><\/div><\/div><style type=\"text\/css\" data-type=\"the7_shortcodes-inline-css\">.gallery-shortcode.gallery-photos-masonry-shortcode-id-2daef87a8f76bed14da3d775e20f09f1 figure,\n.gallery-shortcode.gallery-photos-masonry-shortcode-id-2daef87a8f76bed14da3d775e20f09f1 .rollover,\n.gallery-shortcode.gallery-photos-masonry-shortcode-id-2daef87a8f76bed14da3d775e20f09f1 img,\n.gallery-shortcode.gallery-photos-masonry-shortcode-id-2daef87a8f76bed14da3d775e20f09f1 .gallery-rollover {\n  border-radius: 0px;\n}\n.gallery-shortcode.gallery-photos-masonry-shortcode-id-2daef87a8f76bed14da3d775e20f09f1.enable-bg-rollover .gallery-rollover {\n  background: -webkit-linear-gradient();\n  background: linear-gradient();\n}\n.gallery-shortcode.gallery-photos-masonry-shortcode-id-2daef87a8f76bed14da3d775e20f09f1.enable-bg-rollover.hover-scale .rollover:after {\n  background: -webkit-linear-gradient();\n  background: linear-gradient();\n}\n.gallery-shortcode.gallery-photos-masonry-shortcode-id-2daef87a8f76bed14da3d775e20f09f1 .gallery-zoom-ico {\n  width: 44px;\n  height: 44px;\n  line-height: 44px;\n  border-radius: 100px;\n  margin: -22px 0 0 -22px;\n  border-width: 0px;\n}\n.dt-icon-bg-on.gallery-shortcode.gallery-photos-masonry-shortcode-id-2daef87a8f76bed14da3d775e20f09f1 .gallery-zoom-ico {\n  background: #ffffff;\n  -webkit-box-shadow: none;\n  box-shadow: none;\n}\n.gallery-shortcode.gallery-photos-masonry-shortcode-id-2daef87a8f76bed14da3d775e20f09f1 .gallery-zoom-ico:before,\n.gallery-shortcode.gallery-photos-masonry-shortcode-id-2daef87a8f76bed14da3d775e20f09f1 .gallery-zoom-ico span {\n  font-size: 32px;\n  line-height: 44px;\n  color: #34421e;\n}\n.gallery-shortcode.gallery-photos-masonry-shortcode-id-2daef87a8f76bed14da3d775e20f09f1:not(.resize-by-browser-width) .dt-css-grid {\n  grid-row-gap: 10px;\n  grid-column-gap: 10px;\n  grid-template-columns: repeat(auto-fill,minmax(,1fr));\n}\n.gallery-shortcode.gallery-photos-masonry-shortcode-id-2daef87a8f76bed14da3d775e20f09f1:not(.resize-by-browser-width) .dt-css-grid .double-width {\n  grid-column: span 2;\n}\n.cssgridlegacy.no-cssgrid .gallery-shortcode.gallery-photos-masonry-shortcode-id-2daef87a8f76bed14da3d775e20f09f1:not(.resize-by-browser-width) .dt-css-grid,\n.no-cssgridlegacy.no-cssgrid .gallery-shortcode.gallery-photos-masonry-shortcode-id-2daef87a8f76bed14da3d775e20f09f1:not(.resize-by-browser-width) .dt-css-grid {\n  display: flex;\n  flex-flow: row wrap;\n  margin: -5px;\n}\n.cssgridlegacy.no-cssgrid .gallery-shortcode.gallery-photos-masonry-shortcode-id-2daef87a8f76bed14da3d775e20f09f1:not(.resize-by-browser-width) .dt-css-grid .wf-cell,\n.no-cssgridlegacy.no-cssgrid .gallery-shortcode.gallery-photos-masonry-shortcode-id-2daef87a8f76bed14da3d775e20f09f1:not(.resize-by-browser-width) .dt-css-grid .wf-cell {\n  flex: 1 0 ;\n  max-width: 100%;\n  padding: 5px;\n  box-sizing: border-box;\n}\n.gallery-shortcode.gallery-photos-masonry-shortcode-id-2daef87a8f76bed14da3d775e20f09f1.resize-by-browser-width .dt-css-grid {\n  grid-template-columns: repeat(5,1fr);\n  grid-template-rows: auto;\n  grid-column-gap: 10px;\n  grid-row-gap: 10px;\n}\n.gallery-shortcode.gallery-photos-masonry-shortcode-id-2daef87a8f76bed14da3d775e20f09f1.resize-by-browser-width .dt-css-grid .double-width {\n  grid-column: span 2;\n}\n.cssgridlegacy.no-cssgrid .gallery-shortcode.gallery-photos-masonry-shortcode-id-2daef87a8f76bed14da3d775e20f09f1.resize-by-browser-width .dt-css-grid {\n  margin: -5px;\n}\n.cssgridlegacy.no-cssgrid .gallery-shortcode.gallery-photos-masonry-shortcode-id-2daef87a8f76bed14da3d775e20f09f1.resize-by-browser-width .dt-css-grid .wf-cell {\n  width: 20%;\n  padding: 5px;\n}\n.cssgridlegacy.no-cssgrid .gallery-shortcode.gallery-photos-masonry-shortcode-id-2daef87a8f76bed14da3d775e20f09f1.resize-by-browser-width .dt-css-grid .wf-cell.double-width {\n  width: calc(20%) * 2;\n}\n.gallery-shortcode.gallery-photos-masonry-shortcode-id-2daef87a8f76bed14da3d775e20f09f1.resize-by-browser-width:not(.centered-layout-list):not(.content-bg-on) .dt-css-grid {\n  grid-row-gap: 10px - ;\n}\n@media screen and (max-width: 1199px) {\n  .gallery-shortcode.gallery-photos-masonry-shortcode-id-2daef87a8f76bed14da3d775e20f09f1.resize-by-browser-width .dt-css-grid {\n    grid-template-columns: repeat(4,1fr);\n  }\n  .cssgridlegacy.no-cssgrid .gallery-shortcode.gallery-photos-masonry-shortcode-id-2daef87a8f76bed14da3d775e20f09f1.resize-by-browser-width .dt-css-grid .wf-cell,\n  .no-cssgridlegacy.no-cssgrid .gallery-shortcode.gallery-photos-masonry-shortcode-id-2daef87a8f76bed14da3d775e20f09f1.resize-by-browser-width .dt-css-grid .wf-cell {\n    width: 25%;\n  }\n  .cssgridlegacy.no-cssgrid .gallery-shortcode.gallery-photos-masonry-shortcode-id-2daef87a8f76bed14da3d775e20f09f1.resize-by-browser-width .dt-css-grid .wf-cell.double-width,\n  .no-cssgridlegacy.no-cssgrid .gallery-shortcode.gallery-photos-masonry-shortcode-id-2daef87a8f76bed14da3d775e20f09f1.resize-by-browser-width .dt-css-grid .wf-cell.double-width {\n    width: calc(25%)*2;\n  }\n}\n@media screen and (max-width: 991px) {\n  .gallery-shortcode.gallery-photos-masonry-shortcode-id-2daef87a8f76bed14da3d775e20f09f1.resize-by-browser-width .dt-css-grid {\n    grid-template-columns: repeat(3,1fr);\n  }\n  .cssgridlegacy.no-cssgrid .gallery-shortcode.gallery-photos-masonry-shortcode-id-2daef87a8f76bed14da3d775e20f09f1.resize-by-browser-width .dt-css-grid .wf-cell,\n  .no-cssgridlegacy.no-cssgrid .gallery-shortcode.gallery-photos-masonry-shortcode-id-2daef87a8f76bed14da3d775e20f09f1.resize-by-browser-width .dt-css-grid .wf-cell {\n    width: 33.333333333333%;\n  }\n  .cssgridlegacy.no-cssgrid .gallery-shortcode.gallery-photos-masonry-shortcode-id-2daef87a8f76bed14da3d775e20f09f1.resize-by-browser-width .dt-css-grid .wf-cell.double-width,\n  .no-cssgridlegacy.no-cssgrid .gallery-shortcode.gallery-photos-masonry-shortcode-id-2daef87a8f76bed14da3d775e20f09f1.resize-by-browser-width .dt-css-grid .wf-cell.double-width {\n    width: calc(33.333333333333%)*2;\n  }\n}\n@media screen and (max-width: 767px) {\n  .gallery-shortcode.gallery-photos-masonry-shortcode-id-2daef87a8f76bed14da3d775e20f09f1.resize-by-browser-width .dt-css-grid {\n    grid-template-columns: repeat(2,1fr);\n  }\n  .cssgridlegacy.no-cssgrid .gallery-shortcode.gallery-photos-masonry-shortcode-id-2daef87a8f76bed14da3d775e20f09f1.resize-by-browser-width .dt-css-grid .wf-cell,\n  .no-cssgridlegacy.no-cssgrid .gallery-shortcode.gallery-photos-masonry-shortcode-id-2daef87a8f76bed14da3d775e20f09f1.resize-by-browser-width .dt-css-grid .wf-cell {\n    width: 50%;\n  }\n  .cssgridlegacy.no-cssgrid .gallery-shortcode.gallery-photos-masonry-shortcode-id-2daef87a8f76bed14da3d775e20f09f1.resize-by-browser-width .dt-css-grid .wf-cell.double-width,\n  .no-cssgridlegacy.no-cssgrid .gallery-shortcode.gallery-photos-masonry-shortcode-id-2daef87a8f76bed14da3d775e20f09f1.resize-by-browser-width .dt-css-grid .wf-cell.double-width {\n    width: calc(50%)*2;\n  }\n}<\/style><div class=\"gallery-shortcode album-gallery-shortcode dt-gallery-container gallery-photos-masonry-shortcode-id-2daef87a8f76bed14da3d775e20f09f1 mode-grid jquery-filter dt-icon-bg-on dt-css-grid-wrap resize-by-browser-width  vc_custom_1562002634625 hover-fade loading-effect-none description-on-hover\" data-padding=\"5px\" data-cur-page=\"1\" data-post-limit=\"-1\" data-pagination-mode=\"none\" data-desktop-columns-num=\"5\" data-v-tablet-columns-num=\"3\" data-h-tablet-columns-num=\"4\" data-phone-columns-num=\"2\" data-width=\"0px\" data-columns=\"0\"><div class=\"dt-css-grid\" ><\/div><!-- iso-container|iso-grid --><\/div><style type=\"text\/css\" data-type=\"the7_shortcodes-inline-css\">#default-btn-7ae155d824fd3b1fd52dabe79eb019d1 {\n  border-radius: 1px;\n  font-size: 14px;\n  line-height: 16px;\n}\n.btn-shadow#default-btn-7ae155d824fd3b1fd52dabe79eb019d1 {\n  box-shadow: 0 1px 6px rgba(0,0,0,0.12);\n  transition: box-shadow 0.2s ease-out, opacity 0.45s;\n}\n.btn-shadow#default-btn-7ae155d824fd3b1fd52dabe79eb019d1:hover {\n  box-shadow: 0 5px 11px 0 rgba(0,0,0,0.18), 0 4px 15px 0 rgba(0,0,0,0.15);\n}\n.btn-flat#default-btn-7ae155d824fd3b1fd52dabe79eb019d1 {\n  box-shadow: none;\n}\n.btn-flat#default-btn-7ae155d824fd3b1fd52dabe79eb019d1:hover {\n  box-shadow: none;\n}\n#default-btn-7ae155d824fd3b1fd52dabe79eb019d1.ico-right-side > i {\n  margin-right: 0px;\n  margin-left: 8px;\n}\n#default-btn-7ae155d824fd3b1fd52dabe79eb019d1 > i {\n  margin-right: 8px;\n  font-size: 16px;\n}\n#default-btn-7ae155d824fd3b1fd52dabe79eb019d1:not(:hover) {\n  border-width: 0px;\n  padding: 12px 18px 12px 18px;\n}\n#default-btn-7ae155d824fd3b1fd52dabe79eb019d1:hover {\n  border-width: 0px;\n  padding: 12px 18px 12px 18px;\n}\n#default-btn-7ae155d824fd3b1fd52dabe79eb019d1.ico-right-side > i {\n  margin-right: 0px;\n  margin-left: 8px;\n}\n#default-btn-7ae155d824fd3b1fd52dabe79eb019d1 > i {\n  margin-right: 8px;\n}<\/style><div class=\"btn-align-center\"><a href=\"https:\/\/jerzyszymik.pl\/index.php\/galeria\/\" class=\"default-btn-shortcode dt-btn link-hover-off btn-flat \" target=\"_blank\" id=\"default-btn-7ae155d824fd3b1fd52dabe79eb019d1\" title=\"Galeria\" rel=\"noopener\"><i class=\"fas fa-images\"><\/i><span>Wi\u0119cej zdj\u0119\u0107<\/span><\/a><\/div>[\/vc_column][\/vc_row][vc_row][vc_column]<div id=\"ultimate-heading-404669ddfd6ebde12\" class=\"uvc-heading ult-adjust-bottom-margin ultimate-heading-404669ddfd6ebde12 uvc-1311  uvc-heading-default-font-sizes\" data-hspacer=\"no_spacer\"  data-halign=\"center\" style=\"text-align:center\"><div class=\"uvc-heading-spacer no_spacer\" style=\"top\"><\/div><\/div>[\/vc_column][\/vc_row]<\/p>\n<\/div>","protected":false},"excerpt":{"rendered":"<p>[vc_row full_width=&#8221;stretch_row_content&#8221; full_height=&#8221;yes&#8221; columns_placement=&#8221;bottom&#8221; equal_height=&#8221;yes&#8221; content_placement=&#8221;middle&#8221; bg_type=&#8221;video&#8221; video_url=&#8221;http:\/\/jerzyszymik.pl\/wp-content\/uploads\/2019\/07\/Pexels-Videos-1620050.mp4&#8243; video_url_2=&#8221;http:\/\/jerzyszymik.pl\/wp-content\/uploads\/2019\/07\/Pexels-Videos-1620050.webm&#8221; video_opts=&#8221;loop,muted&#8221; video_poster=&#8221;id^780|url^http:\/\/jerzyszymik.pl\/wp-content\/uploads\/2019\/07\/video-bg.jpg|caption^null|alt^null|title^video-bg|description^null&#8221; viewport_vdo=&#8221;viewport_play&#8221; bg_override=&#8221;ex-full&#8221; enable_overlay=&#8221;enable_overlay_value&#8221; overlay_color=&#8221;rgba(34,33,35,0.3)&#8221; overlay_pattern=&#8221;01.png&#8221; overlay_pattern_opacity=&#8221;10&#8243; css=&#8221;.vc_custom_1746645278964{padding-top: 0px !important;padding-bottom: 0px !important;background-color: #222123 !important;}&#8221;][vc_column css_animation=&#8221;none&#8221; width=&#8221;2\/3&#8243; css=&#8221;.vc_custom_1562781881621{padding-top: 150px !important;padding-bottom: 50px !important;padding-left: 50px !important;background-position: center !important;background-repeat: no-repeat !important;background-size: cover !important;}&#8221; el_class=&#8221;higher-z-index&#8221; offset=&#8221;vc_col-lg-7 vc_col-md-7 vc_col-xs-12&#8243;][\/vc_column][\/vc_row][vc_row equal_height=&#8221;yes&#8221; content_placement=&#8221;middle&#8221; bg_type=&#8221;bg_color&#8221; bg_override=&#8221;full&#8221; css=&#8221;.vc_custom_1561963340415{padding-top: 70px !important;padding-bottom: 70px !important;}&#8221; bg_color_value=&#8221;#f7f7f7&#8243;][vc_column width=&#8221;5\/6&#8243; offset=&#8221;vc_col-lg-offset-2&hellip;<\/p>\n","protected":false},"author":1,"featured_media":0,"parent":0,"menu_order":0,"comment_status":"closed","ping_status":"closed","template":"","meta":{"give_campaign_id":0,"footnotes":""},"class_list":["post-5","page","type-page","status-publish","hentry","description-off"],"campaignId":"","_links":{"self":[{"href":"https:\/\/jerzyszymik.pl\/index.php\/wp-json\/wp\/v2\/pages\/5","targetHints":{"allow":["GET"]}}],"collection":[{"href":"https:\/\/jerzyszymik.pl\/index.php\/wp-json\/wp\/v2\/pages"}],"about":[{"href":"https:\/\/jerzyszymik.pl\/index.php\/wp-json\/wp\/v2\/types\/page"}],"author":[{"embeddable":true,"href":"https:\/\/jerzyszymik.pl\/index.php\/wp-json\/wp\/v2\/users\/1"}],"replies":[{"embeddable":true,"href":"https:\/\/jerzyszymik.pl\/index.php\/wp-json\/wp\/v2\/comments?post=5"}],"version-history":[{"count":13,"href":"https:\/\/jerzyszymik.pl\/index.php\/wp-json\/wp\/v2\/pages\/5\/revisions"}],"predecessor-version":[{"id":1533,"href":"https:\/\/jerzyszymik.pl\/index.php\/wp-json\/wp\/v2\/pages\/5\/revisions\/1533"}],"wp:attachment":[{"href":"https:\/\/jerzyszymik.pl\/index.php\/wp-json\/wp\/v2\/media?parent=5"}],"curies":[{"name":"wp","href":"https:\/\/api.w.org\/{rel}","templated":true}]}}