{"id":207,"date":"2019-06-02T07:37:45","date_gmt":"2019-06-02T11:37:45","guid":{"rendered":"http:\/\/jerzyszymik.pl\/index.php\/sermons\/"},"modified":"2026-03-04T19:46:47","modified_gmt":"2026-03-04T19:46:47","slug":"kalendarium","status":"publish","type":"page","link":"https:\/\/jerzyszymik.pl\/index.php\/kalendarium\/","title":{"rendered":"Kalendarium"},"content":{"rendered":"<div class=\"wpb-content-wrapper\"><p>[vc_row full_height=&#8221;yes&#8221; columns_placement=&#8221;stretch&#8221; bg_type=&#8221;bg_color&#8221;][vc_column]<div class=\"smile-icon-timeline-wrap csstime  timeline-custom-width \" data-timeline-cutom-width=\"500\" data-time_sep_bg_color=\"#36720A\" data-time_block_bg_color=\"#FFFFFF\" data-time_sep_color=\"#36720A\" style=\"\"><div class=\"timeline-line \" style=\"border-right-color:#36720A;\"><span><\/span><\/div><div class=\"timeline-wrapper\"><div class=\"timeline-block \"><div class=\"timeline-dot\"><\/div><div class=\"ult-timeline-arrow\"><s><\/s><l><\/l><\/div><div class=\"timeline-icon-block\"><div class=\"ult-timeline-icon tl-icon-no-bg\" style=\"   \"><\/div> <!-- icon --><\/div><div class=\"timeline-header-block\" >\n\t\t\t\t\t\t\t<div id=\"timeline-item-9927\" class=\"timeline-header\" style=\"\"><h2 class=\"ult-timeline-title ult-responsive\"  data-ultimate-target='#timeline-item-9927 .ult-timeline-title'  data-responsive-json-new='{\"font-size\":\"\",\"line-height\":\"\"}'  style=\"\">7 marca 2026 Psz\u00f3w 14:00<\/h2><div class=\"ult-responsive timeline-item-spt\"  data-ultimate-target='#timeline-item-9927 .timeline-item-spt'  data-responsive-json-new='{\"font-size\":\"\",\"line-height\":\"\"}'  style=\"\"><\/p>\n<h6>To spotkanie grupy POCO jest <strong>odwo\u0142ane<\/strong>. Tego dnia odb\u0119dzie si\u0119 pogrzeb Mamy Ksi\u0119dza Profesora o godz. 14.00 w bazylice NMP w Pszowie. Modlitwa r\u00f3\u017ca\u0144cowa rozpocznie si\u0119 o godz. 13:15 w ko\u015bciele. Ksi\u0105dz Profesor zaprasza wszystkich PoCok\u00f3w. Rodzina wierzy, \u017ce b\u0119dzie to \u015bwi\u0119to wiary.<br \/>\nPotem zaprasza wszystkich uczestnik\u00f3w pogrzebu na styp\u0119 do Domu Parafialnego. B\u0119dzie kawa i ko\u0142ocz. Wsp\u00f3lnota nadziei.<br \/>\nUwielbimy Boga i Zmartwychwsta\u0142ego. Za mi\u0142o\u015b\u0107.<\/h6>\n<p><\/div><\/div> <!-- header --><\/div><\/div><div class=\"timeline-block \"><div class=\"timeline-dot\"><\/div><div class=\"ult-timeline-arrow\"><s><\/s><l><\/l><\/div><div class=\"timeline-icon-block\"><div class=\"ult-timeline-icon tl-icon-no-bg\" style=\"   \"><\/div> <!-- icon --><\/div><div class=\"timeline-header-block\" >\n\t\t\t\t\t\t\t<div id=\"timeline-item-1094\" class=\"timeline-header\" style=\"\"><h2 class=\"ult-timeline-title ult-responsive\"  data-ultimate-target='#timeline-item-1094 .ult-timeline-title'  data-responsive-json-new='{\"font-size\":\"\",\"line-height\":\"\"}'  style=\"\">8 kwietnia 2026 Psz\u00f3w 16:15-17:45<\/h2><div class=\"ult-responsive timeline-item-spt\"  data-ultimate-target='#timeline-item-1094 .timeline-item-spt'  data-responsive-json-new='{\"font-size\":\"\",\"line-height\":\"\"}'  style=\"\"><\/p>\n<h6>Zapraszamy na kolejne spotkanie z cyklu &#8222;O tym co czytomy, tukej se piyknie pogodomy&#8221;, warsztaty lektorskie dla czytelnik\u00f3w w ka\u017cdym wieku, kt\u00f3re prowadzi ks. Jerzy Szymik. Warsztaty odbywaj\u0105 si\u0119 w Bibliotece Publicznej Miasta Psz\u00f3w, ul. Ksi\u0119dza Paw\u0142a Skwary 48. Spotkania s\u0105 otwarte, wst\u0119p wolny!<\/h6>\n<p><\/div><\/div> <!-- header --><\/div><\/div><div class=\"timeline-block \"><div class=\"timeline-dot\"><\/div><div class=\"ult-timeline-arrow\"><s><\/s><l><\/l><\/div><div class=\"timeline-icon-block\"><div class=\"ult-timeline-icon tl-icon-no-bg\" style=\"   \"><\/div> <!-- icon --><\/div><div class=\"timeline-header-block\" >\n\t\t\t\t\t\t\t<div id=\"timeline-item-4646\" class=\"timeline-header\" style=\"\"><h2 class=\"ult-timeline-title ult-responsive\"  data-ultimate-target='#timeline-item-4646 .ult-timeline-title'  data-responsive-json-new='{\"font-size\":\"\",\"line-height\":\"\"}'  style=\"\">11 kwietnia 2026 Psz\u00f3w 19:00<\/h2><div class=\"ult-responsive timeline-item-spt\"  data-ultimate-target='#timeline-item-4646 .timeline-item-spt'  data-responsive-json-new='{\"font-size\":\"\",\"line-height\":\"\"}'  style=\"\"><\/p>\n<h6>Zapraszamy wszystkich na sz\u00f3ste POCOki. Spotykamy si\u0119 w Towarzystwie Przyjaci\u00f3\u0142 Pszowa (TPP), ul. Traugutta 12, Psz\u00f3w. Katechez\u0119 prowadzi ks. Jerzy Szymik. W tym roku chcemy pochyli\u0107 si\u0119 nad ksi\u0105\u017ck\u0105 &#8222;\u017bycie Jezusa Chrystusa&#8221; autorstwa Abp Fultona J. Sheen&#8217;a. Spotkania s\u0105 otwarte, wst\u0119p wolny.<\/h6>\n<h6>Sz\u00f3ste spotkanie: &#8222;Proces religijny&#8221;, s. 495-592<\/h6>\n<p><\/div><\/div> <!-- header --><\/div><\/div><div class=\"timeline-block \"><div class=\"timeline-dot\"><\/div><div class=\"ult-timeline-arrow\"><s><\/s><l><\/l><\/div><div class=\"timeline-icon-block\"><div class=\"ult-timeline-icon tl-icon-no-bg\" style=\"   \"><\/div> <!-- icon --><\/div><div class=\"timeline-header-block\" >\n\t\t\t\t\t\t\t<div id=\"timeline-item-4831\" class=\"timeline-header\" style=\"\"><h2 class=\"ult-timeline-title ult-responsive\"  data-ultimate-target='#timeline-item-4831 .ult-timeline-title'  data-responsive-json-new='{\"font-size\":\"\",\"line-height\":\"\"}'  style=\"\">21 kwietnia 2026 Warszawa 11:00<\/h2><div class=\"ult-responsive timeline-item-spt\"  data-ultimate-target='#timeline-item-4831 .timeline-item-spt'  data-responsive-json-new='{\"font-size\":\"\",\"line-height\":\"\"}'  style=\"\"><\/p>\n<h6>Zapraszamy na wyk\u0142ad dla \u015brodowiska portalu OPOKA pt. &#8222;Wiara Ko\u015bcio\u0142a\/ko\u015bcielna jako OPOKA&#8221;. Wyk\u0142ad odb\u0119dzie si\u0119 w budynku Konferencji Episkopatu Polski (KEP) w Warszawie przy Skwerze im. ks. kard. Stefana Wyszy\u0144skiego 6 w Warszawie. Spotkanie ma charakter otwarty, wst\u0119p wolny!<\/h6>\n<p><\/div><\/div> <!-- header --><\/div><\/div><div class=\"timeline-block \"><div class=\"timeline-dot\"><\/div><div class=\"ult-timeline-arrow\"><s><\/s><l><\/l><\/div><div class=\"timeline-icon-block\"><div class=\"ult-timeline-icon tl-icon-no-bg\" style=\"   \"><\/div> <!-- icon --><\/div><div class=\"timeline-header-block\" >\n\t\t\t\t\t\t\t<div id=\"timeline-item-4561\" class=\"timeline-header\" style=\"\"><h2 class=\"ult-timeline-title ult-responsive\"  data-ultimate-target='#timeline-item-4561 .ult-timeline-title'  data-responsive-json-new='{\"font-size\":\"\",\"line-height\":\"\"}'  style=\"\">13 maja 2026 Psz\u00f3w 16:15-17:45<\/h2><div class=\"ult-responsive timeline-item-spt\"  data-ultimate-target='#timeline-item-4561 .timeline-item-spt'  data-responsive-json-new='{\"font-size\":\"\",\"line-height\":\"\"}'  style=\"\"><\/p>\n<h6>Zapraszamy na kolejne spotkanie z cyklu &#8222;O tym co czytomy, tukej se piyknie pogodomy&#8221;, warsztaty lektorskie dla czytelnik\u00f3w w ka\u017cdym wieku, kt\u00f3re prowadzi ks. Jerzy Szymik. Warsztaty odbywaj\u0105 si\u0119 w Bibliotece Publicznej Miasta Psz\u00f3w, ul. Ksi\u0119dza Paw\u0142a Skwary 48. Spotkania s\u0105 otwarte, wst\u0119p wolny!<\/h6>\n<p><\/div><\/div> <!-- header --><\/div><\/div><div class=\"timeline-block \"><div class=\"timeline-dot\"><\/div><div class=\"ult-timeline-arrow\"><s><\/s><l><\/l><\/div><div class=\"timeline-icon-block\"><div class=\"ult-timeline-icon tl-icon-no-bg\" style=\"   \"><\/div> <!-- icon --><\/div><div class=\"timeline-header-block\" >\n\t\t\t\t\t\t\t<div id=\"timeline-item-7396\" class=\"timeline-header\" style=\"\"><h2 class=\"ult-timeline-title ult-responsive\"  data-ultimate-target='#timeline-item-7396 .ult-timeline-title'  data-responsive-json-new='{\"font-size\":\"\",\"line-height\":\"\"}'  style=\"\">24 maja 2026 Katowice 11:00<\/h2><div class=\"ult-responsive timeline-item-spt\"  data-ultimate-target='#timeline-item-7396 .timeline-item-spt'  data-responsive-json-new='{\"font-size\":\"\",\"line-height\":\"\"}'  style=\"\"><\/p>\n<h6>Zapraszamy na uroczyst\u0105 Eucharysti\u0119 w ramach dnia skupienia dla rodzic\u00f3w student\u00f3w Duszpasterstwa Akademickiego z homili\u0105 ks. Jerzego Szymika. Msza \u015bw. odb\u0119dzie si\u0119 w ko\u015bciele akademickim \u015bw. Maksymiliana Marii Kolbego w Katowicach (krypta Katedry Chrystusa Kr\u00f3la), przy ul. Jordana 39. Po Mszy \u015aw. odb\u0119dzie si\u0119 wernisa\u017c &#8222;obraz\u00f3w pszowskich&#8221; Pani Moniki Witek &#8211; malarki z Pszowa. Serdecznie wszystkich zapraszamy!<\/h6>\n<p><\/div><\/div> <!-- header --><\/div><\/div><div class=\"timeline-block \"><div class=\"timeline-dot\"><\/div><div class=\"ult-timeline-arrow\"><s><\/s><l><\/l><\/div><div class=\"timeline-icon-block\"><div class=\"ult-timeline-icon tl-icon-no-bg\" style=\"   \"><\/div> <!-- icon --><\/div><div class=\"timeline-header-block\" >\n\t\t\t\t\t\t\t<div id=\"timeline-item-7630\" class=\"timeline-header\" style=\"\"><h2 class=\"ult-timeline-title ult-responsive\"  data-ultimate-target='#timeline-item-7630 .ult-timeline-title'  data-responsive-json-new='{\"font-size\":\"\",\"line-height\":\"\"}'  style=\"\">13 czerwca 2026 Psz\u00f3w 17:00<\/h2><div class=\"ult-responsive timeline-item-spt\"  data-ultimate-target='#timeline-item-7630 .timeline-item-spt'  data-responsive-json-new='{\"font-size\":\"\",\"line-height\":\"\"}'  style=\"\"><\/p>\n<h6>Zapraszamy wszystkich na si\u00f3dme i ostatnie POCOki w tym roku formacyjnym. Spotykamy si\u0119 w ogrodzie rodzinnym ks. Jerzego. W tym roku chcemy pochyli\u0107 si\u0119 nad ksi\u0105\u017ck\u0105 &#8222;\u017bycie Jezusa Chrystusa&#8221; autorstwa Abp Fultona J. Sheen&#8217;a. Spotkania s\u0105 otwarte, wst\u0119p wolny.<\/h6>\n<h6>Si\u00f3dme spotkanie: &#8222;Rozdarcie zas\u0142ony \u015bwi\u0105tyni&#8221;, s. 593-680<\/h6>\n<p><\/div><\/div> <!-- header --><\/div><\/div><div class=\"timeline-block \"><div class=\"timeline-dot\"><\/div><div class=\"ult-timeline-arrow\"><s><\/s><l><\/l><\/div><div class=\"timeline-icon-block\"><div class=\"ult-timeline-icon tl-icon-no-bg\" style=\"   \"><\/div> <!-- icon --><\/div><div class=\"timeline-header-block\" >\n\t\t\t\t\t\t\t<div id=\"timeline-item-7696\" class=\"timeline-header\" style=\"\"><h2 class=\"ult-timeline-title ult-responsive\"  data-ultimate-target='#timeline-item-7696 .ult-timeline-title'  data-responsive-json-new='{\"font-size\":\"\",\"line-height\":\"\"}'  style=\"\">18-20 wrze\u015bnia 2026 Brenna<\/h2><div class=\"ult-responsive timeline-item-spt\"  data-ultimate-target='#timeline-item-7696 .timeline-item-spt'  data-responsive-json-new='{\"font-size\":\"\",\"line-height\":\"\"}'  style=\"\"><\/p>\n<h6>Zapraszamy wszystkich na XXI Rekolekcje Pszowskie, kt\u00f3re poprowadzi dla nas Ks. Jerzy Szymik. Rekolekcje odb\u0119d\u0105 si\u0119 w Brennej w O\u015brodku Spotka\u0144 i Formacji Archidiecezji Katowickiej im. \u015bw. Jadwigi \u015al\u0105skiej, ul. Le\u015bnik\u00f3w 38, 43-438 Brenna. Zapisy pod adresem e-mail: damianczylija@gmail.com.<\/h6>\n<p><\/div><\/div> <!-- header --><\/div><\/div><div class=\"timeline-block \"><div class=\"timeline-dot\"><\/div><div class=\"ult-timeline-arrow\"><s><\/s><l><\/l><\/div><div class=\"timeline-icon-block\"><div class=\"ult-timeline-icon tl-icon-no-bg\" style=\"   \"><\/div> <!-- icon --><\/div><div class=\"timeline-header-block\" >\n\t\t\t\t\t\t\t<div id=\"timeline-item-2708\" class=\"timeline-header\" style=\"\"><h2 class=\"ult-timeline-title ult-responsive\"  data-ultimate-target='#timeline-item-2708 .ult-timeline-title'  data-responsive-json-new='{\"font-size\":\"\",\"line-height\":\"\"}'  style=\"\">25-27 wrze\u015bnia 2026 Krak\u00f3w<\/h2><div class=\"ult-responsive timeline-item-spt\"  data-ultimate-target='#timeline-item-2708 .timeline-item-spt'  data-responsive-json-new='{\"font-size\":\"\",\"line-height\":\"\"}'  style=\"\"><\/p>\n<h6>Zapraszamy wszystkich na rekolekcje w centrum formacji duchownej ksi\u0119\u017cy Salwatorian\u00f3w w Krakowie, ul. \u015bw. Jacka 16, kt\u00f3re poprowadzi ks. Jerzy Szymik. Temat rekolekcji to: &#8222;Dzisiejsze zmagania w wierze&#8221;. Wszystkie szczeg\u00f3\u0142y u organizator\u00f3w: cfd@salwatorianie.pl.<\/h6>\n<p><\/div><\/div> <!-- header --><\/div><\/div><div class=\"timeline-block \"><div class=\"timeline-dot\"><\/div><div class=\"ult-timeline-arrow\"><s><\/s><l><\/l><\/div><div class=\"timeline-icon-block\"><div class=\"ult-timeline-icon tl-icon-no-bg\" style=\"   \"><\/div> <!-- icon --><\/div><div class=\"timeline-header-block\" >\n\t\t\t\t\t\t\t<div id=\"timeline-item-3473\" class=\"timeline-header\" style=\"\"><h2 class=\"ult-timeline-title ult-responsive\"  data-ultimate-target='#timeline-item-3473 .ult-timeline-title'  data-responsive-json-new='{\"font-size\":\"\",\"line-height\":\"\"}'  style=\"\">16-19 listopada 2026 Trzcianka<\/h2><div class=\"ult-responsive timeline-item-spt\"  data-ultimate-target='#timeline-item-3473 .timeline-item-spt'  data-responsive-json-new='{\"font-size\":\"\",\"line-height\":\"\"}'  style=\"\"><\/p>\n<h6>Zapraszamy wszystkich ksi\u0119\u017cy na rekolekcje kap\u0142a\u0144skie w centrum Ruchu Focolari w Trzciance, ul.Trzcianka 82. Temat rekolekcji to &#8222;Cztery Ewangelie&#8221;. Szczeg\u00f3\u0142y u organizator\u00f3w: sacerdoti.focolarini.pl@gmail.com.<\/h6>\n<p><\/div><\/div> <!-- header --><\/div><\/div><div class=\"timeline-block \"><div class=\"timeline-dot\"><\/div><div class=\"ult-timeline-arrow\"><s><\/s><l><\/l><\/div><div class=\"timeline-icon-block\"><div class=\"ult-timeline-icon tl-icon-no-bg\" style=\"   \"><\/div> <!-- icon --><\/div><div class=\"timeline-header-block\" >\n\t\t\t\t\t\t\t<div id=\"timeline-item-5356\" class=\"timeline-header\" style=\"\"><h2 class=\"ult-timeline-title ult-responsive\"  data-ultimate-target='#timeline-item-5356 .ult-timeline-title'  data-responsive-json-new='{\"font-size\":\"\",\"line-height\":\"\"}'  style=\"\">22-25 listopada 2027 Szklarska Por\u0119ba<\/h2><div class=\"ult-responsive timeline-item-spt\"  data-ultimate-target='#timeline-item-5356 .timeline-item-spt'  data-responsive-json-new='{\"font-size\":\"\",\"line-height\":\"\"}'  style=\"\"><\/p>\n<h6>Zapraszamy wszystkich ksi\u0119\u017cy na rekolekcje kap\u0142a\u0144skie w Domu na Bia\u0142ej Dolinie w Szklarskiej Por\u0119bie, adres: ul. Wolno\u015bci 11 PL, 58-580 Szklarska Por\u0119ba. Wszystkie szczeg\u00f3\u0142y i zapisy pod adresem e-mailowym: kontakt@domnabialejdolinie.pl lub pod numerem telefonu: +48 75 761 26 77 lub +48 516 595 299.<\/h6>\n<p><\/div><\/div> <!-- header --><\/div><\/div><\/div><\/div>[\/vc_column][\/vc_row]<\/p>\n<\/div>","protected":false},"excerpt":{"rendered":"<p>[vc_row full_height=&#8221;yes&#8221; columns_placement=&#8221;stretch&#8221; bg_type=&#8221;bg_color&#8221;][vc_column][\/vc_column][\/vc_row]<\/p>\n","protected":false},"author":1,"featured_media":0,"parent":0,"menu_order":0,"comment_status":"closed","ping_status":"closed","template":"","meta":{"give_campaign_id":0,"footnotes":""},"class_list":["post-207","page","type-page","status-publish","hentry","description-off"],"campaignId":"","_links":{"self":[{"href":"https:\/\/jerzyszymik.pl\/index.php\/wp-json\/wp\/v2\/pages\/207","targetHints":{"allow":["GET"]}}],"collection":[{"href":"https:\/\/jerzyszymik.pl\/index.php\/wp-json\/wp\/v2\/pages"}],"about":[{"href":"https:\/\/jerzyszymik.pl\/index.php\/wp-json\/wp\/v2\/types\/page"}],"author":[{"embeddable":true,"href":"https:\/\/jerzyszymik.pl\/index.php\/wp-json\/wp\/v2\/users\/1"}],"replies":[{"embeddable":true,"href":"https:\/\/jerzyszymik.pl\/index.php\/wp-json\/wp\/v2\/comments?post=207"}],"version-history":[{"count":34,"href":"https:\/\/jerzyszymik.pl\/index.php\/wp-json\/wp\/v2\/pages\/207\/revisions"}],"predecessor-version":[{"id":1605,"href":"https:\/\/jerzyszymik.pl\/index.php\/wp-json\/wp\/v2\/pages\/207\/revisions\/1605"}],"wp:attachment":[{"href":"https:\/\/jerzyszymik.pl\/index.php\/wp-json\/wp\/v2\/media?parent=207"}],"curies":[{"name":"wp","href":"https:\/\/api.w.org\/{rel}","templated":true}]}}