{"id":2,"date":"2025-02-10T21:23:39","date_gmt":"2025-02-10T21:23:39","guid":{"rendered":"http:\/\/jerzyszymik.pl\/?page_id=2"},"modified":"2026-01-28T13:28:24","modified_gmt":"2026-01-28T13:28:24","slug":"aszrekawagoscniedzielny","status":"publish","type":"page","link":"https:\/\/jerzyszymik.pl\/index.php\/aszrekawagoscniedzielny\/","title":{"rendered":"AS z r\u0119kawa Go\u015b\u0107 Niedzielny"},"content":{"rendered":"<div class=\"wpb-content-wrapper\"><p>[vc_row][vc_column][vc_column_text css=&#8221;&#8221;]<\/p>\n<ul>\n<li>\n<h3>Katolicyzm wed\u0142ug Jona Fosse<\/h3>\n<\/li>\n<\/ul>\n<p>Teraz ju\u017c rozumiem tego Nobla: je\u015bli dajemy katolikowi, to liberalnemu.<\/p>\n<p>15.01.2026 00:00 \u00a0GN 3\/2026[\/vc_column_text][vc_btn title=&#8221;Kliknij tutaj aby przeczyta\u0107 artyku\u0142&#8221; style=&#8221;classic&#8221; color=&#8221;green&#8221; css=&#8221;&#8221; link=&#8221;url:https%3A%2F%2Fwww.gosc.pl%2Fdoc%2F9562774.Katolicyzm-wedlug-Jona-Fosse|target:_blank&#8221;][vc_separator color=&#8221;black&#8221; css=&#8221;&#8221;][vc_column_text css=&#8221;&#8221;]<\/p>\n<ul>\n<li>\n<h3>\u015ani\u0142a si\u0119 zima<\/h3>\n<\/li>\n<\/ul>\n<p>Pochwalona w Ko\u015bciele niech b\u0119dzie s\u0142abo\u015b\u0107.<\/p>\n<p>11.12.2025 00:00 \u00a0GN 50\/2025[\/vc_column_text][vc_btn title=&#8221;Kliknij tutaj aby przeczyta\u0107 artyku\u0142&#8221; style=&#8221;classic&#8221; color=&#8221;green&#8221; css=&#8221;&#8221; link=&#8221;url:https%3A%2F%2Fwww.gosc.pl%2Fdoc%2F9524081.Snila-sie-zima|target:_blank&#8221;][vc_separator color=&#8221;black&#8221; css=&#8221;&#8221;][vc_column_text css=&#8221;&#8221;]<\/p>\n<ul>\n<li>\n<h3>Wynios\u0142o\u015b\u0107 przeciwna poznaniu Boga<\/h3>\n<\/li>\n<\/ul>\n<p>\u017bycz\u0119 Wam i sobie jak najlepiej: nawr\u00f3cenia.<\/p>\n<p>13.11.2025 00:00 \u00a0GN 46\/2025[\/vc_column_text][vc_btn title=&#8221;Kliknij tutaj aby przeczyta\u0107 artyku\u0142&#8221; style=&#8221;classic&#8221; color=&#8221;green&#8221; css=&#8221;&#8221; link=&#8221;url:https%3A%2F%2Fwww.gosc.pl%2Fdoc%2F9491836.Wynioslosc-przeciwna-poznaniu-Boga|target:_blank&#8221;][vc_separator color=&#8221;black&#8221; css=&#8221;&#8221;][vc_column_text css=&#8221;&#8221;]<\/p>\n<ul>\n<li>\n<h3>\u017bywy Ko\u015bci\u00f3\u0142<\/h3>\n<\/li>\n<\/ul>\n<p>Mog\u0119 i\u015b\u0107 dalej.<\/p>\n<p>16.10.2025 00:00 \u00a0GN 42\/2025[\/vc_column_text][vc_btn title=&#8221;Kliknij tutaj aby przeczyta\u0107 artyku\u0142&#8221; style=&#8221;classic&#8221; color=&#8221;green&#8221; css=&#8221;&#8221; link=&#8221;url:https%3A%2F%2Fwww.gosc.pl%2Fdoc%2F9458233.Zywy-Kosciol|target:_blank&#8221;][vc_separator color=&#8221;black&#8221; css=&#8221;&#8221;][vc_column_text css=&#8221;&#8221;]<\/p>\n<ul>\n<li>\n<h3>Trwa k\u0105piel Batszeby<\/h3>\n<\/li>\n<\/ul>\n<p>Nasz titanic p\u0142ynie coraz szybciej, pewnie.<\/p>\n<p>24.07.2025 00:00 \u00a0GN 30\/2025[\/vc_column_text][vc_btn title=&#8221;Kliknij tutaj aby przeczyta\u0107 artyku\u0142&#8221; style=&#8221;classic&#8221; color=&#8221;green&#8221; css=&#8221;&#8221; link=&#8221;url:https%3A%2F%2Fwww.gosc.pl%2Fdoc%2F9351001.Trwa-kapiel-Batszeby|target:_blank&#8221;][vc_separator color=&#8221;black&#8221; css=&#8221;&#8221;][vc_column_text css=&#8221;&#8221;]<\/p>\n<ul>\n<li>\n<h3>Odprawiam Msz\u0119 na \u0142\u0105ce<\/h3>\n<\/li>\n<\/ul>\n<p>Wszystko jest prawd\u0105 i b\u0119dziemy to powtarza\u0107 do ostatka.<\/p>\n<p>26.06.2025 00:00 \u00a0GN 26\/2025[\/vc_column_text][vc_btn title=&#8221;Kliknij tutaj aby przeczyta\u0107 artyku\u0142&#8221; style=&#8221;classic&#8221; color=&#8221;green&#8221; css=&#8221;&#8221; link=&#8221;url:https%3A%2F%2Fwww.gosc.pl%2Fdoc%2F9321981.Odprawiam-Msze-na-lace|target:_blank&#8221;][vc_separator color=&#8221;black&#8221; css=&#8221;&#8221;][vc_column_text css=&#8221;&#8221;]<\/p>\n<ul>\n<li>\n<h3>Sur\u00f3wka, Kuczkowski, de Lubac\u2026 Czytajcie!<\/h3>\n<\/li>\n<\/ul>\n<p>Wr\u00f3c\u0105 czasy takie, \u017ce trzeba b\u0119dzie by\u0107 \u015bwi\u0119tym, \u017ceby by\u0107 poet\u0105.<\/p>\n<p>29.05.2025 00:00 \u00a0GN 22\/2025[\/vc_column_text][vc_btn title=&#8221;Kliknij tutaj aby przeczyta\u0107 artyku\u0142&#8221; style=&#8221;classic&#8221; color=&#8221;green&#8221; css=&#8221;&#8221; link=&#8221;url:https%3A%2F%2Fwww.gosc.pl%2Fdoc%2F9278996.Surowka-Kuczkowski-de-Lubac-Czytajcie|target:_blank&#8221;][vc_separator color=&#8221;black&#8221; css=&#8221;&#8221;][vc_column_text css=&#8221;&#8221;]<\/p>\n<ul>\n<li>\n<h3>Czytajcie Ralpha Martina<\/h3>\n<\/li>\n<\/ul>\n<p>Godzi\u0107 si\u0119 na bycie wyp\u0119dzonym \u201epoza ob\u00f3z, d\u017awigaj\u0105c Jego ur\u0105gania\u201d.<\/p>\n<p>01.05.2025 00:00 \u00a0GN 18\/2025<\/p>\n<p>[\/vc_column_text][vc_btn title=&#8221;Kliknij tutaj aby przeczyta\u0107 artyku\u0142&#8221; style=&#8221;classic&#8221; color=&#8221;green&#8221; css=&#8221;&#8221; link=&#8221;url:https%3A%2F%2Fwww.gosc.pl%2Fdoc%2F9238387.Czytajcie-Ralpha-Martina|target:_blank&#8221;][vc_separator color=&#8221;black&#8221; css=&#8221;&#8221;][vc_column_text css=&#8221;&#8221;]<\/p>\n<ul>\n<li>\n<h3>Ko\u015bci\u00f3\u0142 w Ziemi Ulro<\/h3>\n<\/li>\n<\/ul>\n<p><span style=\"font-size: 14px; font-weight: normal;\">Im wi\u0119cej ust\u0119puj\u0105, tym wi\u0119kszych ust\u0119pstw \u017c\u0105da nieprzyjaciel.<\/span><\/p>\n<p>03.04.2025 00:00 GN 14\/2025<\/p>\n<p>[\/vc_column_text][vc_btn title=&#8221;Kliknij tutaj aby przeczyta\u0107 artyku\u0142&#8221; style=&#8221;classic&#8221; color=&#8221;green&#8221; css=&#8221;&#8221; link=&#8221;url:https%3A%2F%2Fwww.gosc.pl%2Fdoc%2F9198363.Kosciol-w-Ziemi-Ulro|target:_blank&#8221;][vc_separator color=&#8221;black&#8221; css=&#8221;&#8221;][vc_column_text css=&#8221;&#8221;]<\/p>\n<ul>\n<li>\n<h3>Niniwa i Tarszisz<\/h3>\n<\/li>\n<\/ul>\n<p><span style=\"font-size: 14px; font-weight: normal;\">Zamiast i\u015b\u0107 do Niniwy, wolimy p\u0142yn\u0105\u0107 do Tarszisz.<\/span><\/p>\n<p>06.03.2025 00:00 GN 10\/2025<\/p>\n<p>[\/vc_column_text][vc_btn title=&#8221;Kliknij tutaj aby przeczyta\u0107 artyku\u0142&#8221; style=&#8221;classic&#8221; color=&#8221;green&#8221; css=&#8221;&#8221; link=&#8221;url:https%3A%2F%2Fwww.gosc.pl%2Fdoc%2F9166177.Niniwa-i-Tarszisz|target:_blank&#8221;][vc_separator color=&#8221;black&#8221; css=&#8221;&#8221;][vc_column_text css=&#8221;&#8221;]<\/p>\n<ul>\n<li>\n<h3>? ? ?<\/h3>\n<\/li>\n<\/ul>\n<p>\u015awiat burzy si\u0119, kiedy grzech i \u0142aska zostaj\u0105 nazwane po imieniu.<\/p>\n<p>06.02.2025 00:00 GN 06\/2025<\/p>\n<p>[\/vc_column_text][vc_btn title=&#8221;Kliknij tutaj aby przeczyta\u0107 artyku\u0142&#8221; style=&#8221;classic&#8221; color=&#8221;green&#8221; css=&#8221;&#8221; link=&#8221;url:https%3A%2F%2Fwww.gosc.pl%2Fdoc%2F9136541.|target:_blank&#8221;][vc_separator color=&#8221;black&#8221; css=&#8221;&#8221;][vc_column_text css=&#8221;&#8221;]<\/p>\n<ul>\n<li>\n<h3>Ksi\u0105dz profesor Tomasz Hal\u00edk\u00a0si\u0119 myli<\/h3>\n<\/li>\n<\/ul>\n<p>Bez sprzeciwu nie istnieje na\u015bladowanie Tego, kt\u00f3ry by\u0142 i\u00a0jest znakiem sprzeciwu.<\/p>\n<p>09.01.2025 00:00 GN 02\/2025<\/p>\n<p>[\/vc_column_text][vc_btn title=&#8221;Kliknij tutaj aby przeczyta\u0107 artyku\u0142&#8221; style=&#8221;classic&#8221; color=&#8221;green&#8221; css=&#8221;&#8221; link=&#8221;url:https%3A%2F%2Fwww.gosc.pl%2Fdoc%2F9106940.Ksiadz-profesor-Tomasz-Hal-k-sie-myli|target:_blank&#8221;][vc_separator color=&#8221;black&#8221; css=&#8221;&#8221;][vc_column_text css=&#8221;&#8221;]<\/p>\n<ul>\n<li>\n<h3>Papie\u017c zach\u0119ca do czytania<\/h3>\n<\/li>\n<\/ul>\n<p>Czytanie pozwala \u201etrawi\u0107 \u017cycie\u201d, a nie tylko je w p\u0119dzie przebiega\u0107.<\/p>\n<p>05.12.2024 00:00 GN 49\/2024<\/p>\n<p>[\/vc_column_text][vc_btn title=&#8221;Kliknij tutaj aby przeczyta\u0107 artyku\u0142&#8221; style=&#8221;classic&#8221; color=&#8221;green&#8221; css=&#8221;&#8221; link=&#8221;url:https%3A%2F%2Fwww.gosc.pl%2Fdoc%2F9068961.Papiez-zacheca-do-czytania|target:_blank&#8221;][vc_separator color=&#8221;black&#8221; css=&#8221;&#8221;][vc_column_text css=&#8221;&#8221;]<\/p>\n<ul>\n<li>\n<h3>Pani Profesor Delsol si\u0119 myli<\/h3>\n<\/li>\n<\/ul>\n<p>\u201eJa si\u0119 na to narodzi\u0142em i na to przyszed\u0142em na \u015bwiat, aby da\u0107 \u015bwiadectwo prawdzie\u201d.<\/p>\n<p>07.11.2024 00:00 GN 45\/2024<\/p>\n<p>[\/vc_column_text][vc_btn title=&#8221;Kliknij tutaj aby przeczyta\u0107 artyku\u0142&#8221; style=&#8221;classic&#8221; color=&#8221;green&#8221; css=&#8221;&#8221; link=&#8221;url:https%3A%2F%2Fwww.gosc.pl%2Fdoc%2F9034490.Pani-Profesor-Delsol-sie-myli|target:_blank&#8221;][vc_separator color=&#8221;black&#8221; css=&#8221;&#8221;][vc_column_text css=&#8221;&#8221;]<\/p>\n<ul>\n<li>\n<h3>As z r\u0119kawa numer 100<\/h3>\n<\/li>\n<\/ul>\n<p>Dop\u00f3ki pi\u0142ka w grze, wszystko jest mo\u017cliwe\/ twierdz\u0105 Kazimierz G\u00f3rski i\u00a0katechizm katolicki.\/ Bo pi\u0142ka jest okr\u0105g\u0142a a bramki s\u0105 dwie.<\/p>\n<p>10.10.2024 00:00 GN 41\/2024<\/p>\n<p>[\/vc_column_text][vc_btn title=&#8221;Kliknij tutaj aby przeczyta\u0107 artyku\u0142&#8221; style=&#8221;classic&#8221; color=&#8221;green&#8221; css=&#8221;&#8221; link=&#8221;url:https%3A%2F%2Fwww.gosc.pl%2Fdoc%2F9000938.As-z-rekawa-numer-100|target:_blank&#8221;][vc_separator color=&#8221;black&#8221; css=&#8221;&#8221;][vc_column_text css=&#8221;&#8221;]<\/p>\n<ul>\n<li>\n<h3>Podwy\u017cszenie Krzy\u017ca \u015awi\u0119tego<\/h3>\n<\/li>\n<\/ul>\n<p>Niech widz\u0119 krzy\u017c\/ Od wschodu Niech mnie os\u0142ania\/ Od zachodu<\/p>\n<p>12.09.2024 00:00 GN 37\/2024<\/p>\n<p>[\/vc_column_text][vc_btn title=&#8221;Kliknij tutaj aby przeczyta\u0107 artyku\u0142&#8221; style=&#8221;classic&#8221; color=&#8221;green&#8221; css=&#8221;&#8221; link=&#8221;url:https%3A%2F%2Fwww.gosc.pl%2Fdoc%2F8964635.Podwyzszenie-Krzyza-Swietego|target:_blank&#8221;][vc_separator color=&#8221;black&#8221; css=&#8221;&#8221;][vc_column_text css=&#8221;&#8221;]<\/p>\n<ul>\n<li>\n<h3>Kr\u00f3l Dawid<\/h3>\n<\/li>\n<\/ul>\n<p>Panie, ta\u0144cz\u0119 przed Tob\u0105, wolny, nagib\u0119d\u0119 ta\u0144czy\u0142 do upad\u0142ego.<\/p>\n<p>15.08.2024 00:00 GN 33\/2024<\/p>\n<p>[\/vc_column_text][vc_btn title=&#8221;Kliknij tutaj aby przeczyta\u0107 artyku\u0142&#8221; style=&#8221;classic&#8221; color=&#8221;green&#8221; css=&#8221;&#8221; link=&#8221;url:https%3A%2F%2Fwww.gosc.pl%2Fdoc%2F8931270.Krol-Dawid|target:_blank&#8221;][vc_separator color=&#8221;black&#8221; css=&#8221;&#8221;][vc_column_text css=&#8221;&#8221;]<\/p>\n<ul>\n<li>\n<h3>Nauczyciel mnie (po)wo\u0142a(\u0142)<\/h3>\n<\/li>\n<\/ul>\n<p>Dop\u00f3ki wieczne w nich lampki p\u0142on\u0105\u2026<\/p>\n<p>18.07.2024 00:00 GN 29\/2024<\/p>\n<p>[\/vc_column_text][vc_btn title=&#8221;Kliknij tutaj aby przeczyta\u0107 artyku\u0142&#8221; style=&#8221;classic&#8221; color=&#8221;green&#8221; css=&#8221;&#8221; link=&#8221;url:https%3A%2F%2Fwww.gosc.pl%2Fdoc%2F8895155.Nauczyciel-mnie-po-wola-l|target:_blank&#8221;][vc_separator color=&#8221;black&#8221; css=&#8221;&#8221;][vc_column_text css=&#8221;&#8221;]<\/p>\n<ul>\n<li>\n<h3>Weganizm kota jako problem moralny<\/h3>\n<\/li>\n<\/ul>\n<p>Tak jak istniej\u0105 patologie religii oderwanej od rozumu, tak istniej\u0105 patologie rozumu oderwanego od Boga.<\/p>\n<p>20.06.2024 00:00 GN 25\/2024<\/p>\n<p>[\/vc_column_text][vc_btn title=&#8221;Kliknij tutaj aby przeczyta\u0107 artyku\u0142&#8221; style=&#8221;classic&#8221; color=&#8221;green&#8221; css=&#8221;&#8221; link=&#8221;url:https%3A%2F%2Fwww.gosc.pl%2Fdoc%2F8862682.Weganizm-kota-jako-problem-moralny|target:_blank&#8221;][vc_separator color=&#8221;black&#8221; css=&#8221;&#8221;][vc_column_text css=&#8221;&#8221;]<\/p>\n<ul>\n<li>\n<h3>Nienarodzony miar\u0105 demokracji<\/h3>\n<\/li>\n<\/ul>\n<p>Czy istnieje racja, kt\u00f3ra mog\u0142aby usprawiedliwi\u0107 umieszczenie poza obr\u0119bem solidarno\u015bci ludzi nienarodzonych?<\/p>\n<p>23.05.2024 00:00 GN 21\/2024<\/p>\n<p>[\/vc_column_text][vc_btn title=&#8221;Kliknij tutaj aby przeczyta\u0107 artyku\u0142&#8221; style=&#8221;classic&#8221; color=&#8221;green&#8221; css=&#8221;&#8221; link=&#8221;url:https%3A%2F%2Fwww.gosc.pl%2Fdoc%2F8814661.Nienarodzony-miara-demokracji|target:_blank&#8221;][vc_separator color=&#8221;black&#8221; css=&#8221;&#8221;][vc_column_text css=&#8221;&#8221;]<\/p>\n<ul>\n<li>\n<h3>Pod pr\u0105d. Skarga, Korfanty i Wyszy\u0144ski na Trzeciego Maja<\/h3>\n<\/li>\n<\/ul>\n<p>Nie pozwolimy sobie zatka\u0107 ust przekupn\u0105 d\u0142oni\u0105.<\/p>\n<p>25.04.2024 00:00 GN 17\/2024<\/p>\n<p>[\/vc_column_text][vc_btn title=&#8221;Kliknij tutaj aby przeczyta\u0107 artyku\u0142&#8221; style=&#8221;classic&#8221; color=&#8221;green&#8221; css=&#8221;&#8221; link=&#8221;url:https%3A%2F%2Fwww.gosc.pl%2Fdoc%2F8814661.Nienarodzony-miara-demokracji|target:_blank&#8221;][vc_separator color=&#8221;black&#8221; css=&#8221;&#8221;][vc_column_text css=&#8221;&#8221;]<\/p>\n<ul>\n<li>\n<h3>Ty wiesz<\/h3>\n<\/li>\n<\/ul>\n<p>Po \u015bniadaniu zwyk\u0142 rozmawia\u0107 ze mn\u0105 o\u00a0mi\u0142o\u015bci.<\/p>\n<p>28.03.2024 00:00 GN 13\/2024<\/p>\n<p>[\/vc_column_text][vc_btn title=&#8221;Kliknij tutaj aby przeczyta\u0107 artyku\u0142&#8221; style=&#8221;classic&#8221; color=&#8221;green&#8221; css=&#8221;&#8221; link=&#8221;url:https%3A%2F%2Fwww.gosc.pl%2Fdoc%2F8725990.Ty-wiesz|target:_blank&#8221;][vc_separator color=&#8221;black&#8221; css=&#8221;&#8221;][vc_column_text css=&#8221;&#8221;]<\/p>\n<ul>\n<li>\n<h3>Obc\u0119gi \u0141unaczarskiego versus sKRZY\u017bowane belki<\/h3>\n<\/li>\n<\/ul>\n<p>Zakotwiczeni \u2013 trwamy!<\/p>\n<p>01.02.2024 00:00 GN 05\/2024<\/p>\n<p>[\/vc_column_text][vc_btn title=&#8221;Kliknij tutaj aby przeczyta\u0107 artyku\u0142&#8221; style=&#8221;classic&#8221; color=&#8221;green&#8221; css=&#8221;&#8221; link=&#8221;url:https%3A%2F%2Fwww.gosc.pl%2Fdoc%2F8657226.Obcegi-Lunaczarskiego-versus-sKRZYZowane-belki|target:_blank&#8221;][vc_separator color=&#8221;black&#8221; css=&#8221;&#8221;][vc_column_text css=&#8221;&#8221;]<\/p>\n<ul>\n<li>\n<h3>Ty nas obudzi\u0142e\u015b, my Ci\u0119 obronimy<\/h3>\n<\/li>\n<\/ul>\n<p>Czuwaj nad nami, \u015awi\u0119ty Ojcze. Nie pozw\u00f3l, by\u015bmy spali w\u00a0Ogr\u00f3jcu. Bud\u017a nas, pobudzaj do wierno\u015bci, do odwagi i\u00a0dobra. To jest twoja matka, ta ziemia.<\/p>\n<p>04.01.2024 00:00 GN 01\/2024<\/p>\n<p>[\/vc_column_text][vc_btn title=&#8221;Kliknij tutaj aby przeczyta\u0107 artyku\u0142&#8221; style=&#8221;classic&#8221; color=&#8221;green&#8221; css=&#8221;&#8221; link=&#8221;url:https%3A%2F%2Fwww.gosc.pl%2Fdoc%2F8622889.Ty-nas-obudziles-my-Cie-obronimy|target:_blank&#8221;][vc_separator color=&#8221;black&#8221; css=&#8221;&#8221;][vc_column_text css=&#8221;&#8221;]<\/p>\n<ul>\n<li>\n<h3>Dok\u0105d zmierza katolicyzm?<\/h3>\n<\/li>\n<\/ul>\n<p>Nie da si\u0119 \u017cy\u0107 samymi obrze\u017cami Prawdy, a nie jej istot\u0105.<\/p>\n<p>30.11.2023 00:00 GN 48\/2023<\/p>\n<p>[\/vc_column_text][vc_btn title=&#8221;Kliknij tutaj aby przeczyta\u0107 artyku\u0142&#8221; style=&#8221;classic&#8221; color=&#8221;green&#8221; css=&#8221;&#8221; link=&#8221;url:https%3A%2F%2Fwww.gosc.pl%2Fdoc%2F8587363.Dokad-zmierza-katolicyzm|target:_blank&#8221;][vc_separator color=&#8221;black&#8221; css=&#8221;&#8221;][vc_column_text css=&#8221;&#8221;]<\/p>\n<ul>\n<li>\n<h3>\u201ePytam was: \u017cycie ocali\u0107 czy zniszczy\u0107? \u017bycie uratowa\u0107 czy zabi\u0107?\u201d<\/h3>\n<\/li>\n<\/ul>\n<p>\u0179r\u00f3d\u0142em nienawi\u015bci do ludzkiego \u017cycia i wszelkich atak\u00f3w na ludzkie \u017cycie jest utrata Boga.<\/p>\n<p>02.11.2023 00:00 GN 44\/2023<\/p>\n<p>[\/vc_column_text][vc_btn title=&#8221;Kliknij tutaj aby przeczyta\u0107 artyku\u0142&#8221; style=&#8221;classic&#8221; color=&#8221;green&#8221; css=&#8221;&#8221; link=&#8221;url:https%3A%2F%2Fwww.gosc.pl%2Fdoc%2F8552927.Pytam-was-zycie-ocalic-czy-zniszczyc-Zycie-uratowac-czy-zabic|target:_blank&#8221;][vc_separator color=&#8221;black&#8221; css=&#8221;&#8221;][vc_column_text css=&#8221;&#8221;]<\/p>\n<ul>\n<li>\n<h3>Maryja, \u017cycie, Rzym, Psz\u00f3w<\/h3>\n<\/li>\n<\/ul>\n<p>Dzisiaj w mojej rodzinnej parafii Wielkim Odpustem domyka si\u0119 Rok Jubileuszowy \u2013 300 lat obecno\u015bci s\u0142yn\u0105cego cudami obrazu U\u015bmiechni\u0119tej Pszowskiej Madonny.<\/p>\n<p>07.09.2023 00:00 GN 36\/2023<\/p>\n<p>[\/vc_column_text][vc_btn title=&#8221;Kliknij tutaj aby przeczyta\u0107 artyku\u0142&#8221; style=&#8221;classic&#8221; color=&#8221;green&#8221; css=&#8221;&#8221; link=&#8221;url:https%3A%2F%2Fwww.gosc.pl%2Fdoc%2F8475391.Maryja-zycie-Rzym-Pszow|target:_blank&#8221;][vc_separator color=&#8221;black&#8221; css=&#8221;&#8221;][vc_column_text css=&#8221;&#8221;]<\/p>\n<ul>\n<li>\n<h3>55 lat temu. Co si\u0119 wtedy w\u0142a\u015bciwie sta\u0142o?<\/h3>\n<\/li>\n<\/ul>\n<p>Sw\u0105d szatana wdar\u0142 si\u0119 do \u015bwi\u0105tyni Boga.<\/p>\n<p>15.06.2023 00:00 GN 24\/2023<\/p>\n<p>[\/vc_column_text][vc_btn title=&#8221;Kliknij tutaj aby przeczyta\u0107 artyku\u0142&#8221; style=&#8221;classic&#8221; color=&#8221;green&#8221; css=&#8221;&#8221; link=&#8221;url:https%3A%2F%2Fwww.gosc.pl%2Fdoc%2F8475391.Maryja-zycie-Rzym-Pszow|target:_blank&#8221;][vc_separator color=&#8221;black&#8221; css=&#8221;&#8221;][vc_column_text css=&#8221;&#8221;]<\/p>\n<ul>\n<li>\n<h3>Da\u0107 si\u0119 ukrzy\u017cowa\u0107<\/h3>\n<\/li>\n<\/ul>\n<p>Bezbo\u017cno\u015b\u0107 jest najwi\u0119kszym k\u0142amstwem, jakie mo\u017cemy sobie wyobrazi\u0107.<\/p>\n<p>09.02.2023 00:00 GN 06\/2023<\/p>\n<p>[\/vc_column_text][vc_btn title=&#8221;Kliknij tutaj aby przeczyta\u0107 artyku\u0142&#8221; style=&#8221;classic&#8221; color=&#8221;green&#8221; css=&#8221;&#8221; link=&#8221;url:https%3A%2F%2Fwww.gosc.pl%2Fdoc%2F8078355.Dac-sie-ukrzyzowac|target:_blank&#8221;][vc_separator color=&#8221;black&#8221; css=&#8221;&#8221;][vc_column_text css=&#8221;&#8221;]<\/p>\n<ul>\n<li>\n<h3>Nie spa\u0107<\/h3>\n<\/li>\n<\/ul>\n<p>Pasterze nie spali, ale \u201etrzymali stra\u017c nocn\u0105 nad swoj\u0105 trzod\u0105\u201d.<\/p>\n<p>22.12.2022 00:00 GN 51-52\/2022<\/p>\n<p>[\/vc_column_text][vc_btn title=&#8221;Kliknij tutaj aby przeczyta\u0107 artyku\u0142&#8221; style=&#8221;classic&#8221; color=&#8221;green&#8221; css=&#8221;&#8221; link=&#8221;url:https%3A%2F%2Fwww.gosc.pl%2Fdoc%2F8001910.Nie-spac|target:_blank&#8221;][vc_separator color=&#8221;black&#8221; css=&#8221;&#8221;][vc_column_text css=&#8221;&#8221;]<\/p>\n<ul>\n<li>\n<h3>Je\u015bli si\u0119 nie nawr\u00f3cicie<\/h3>\n<\/li>\n<\/ul>\n<p>Trzeba nam wr\u00f3ci\u0107 do Boga. Nie ma innej drogi do zdrowia i pokoju.<\/p>\n<p>17.03.2022 00:00 GN 11\/2022<\/p>\n<p>[\/vc_column_text][vc_btn title=&#8221;Kliknij tutaj aby przeczyta\u0107 artyku\u0142&#8221; style=&#8221;classic&#8221; color=&#8221;green&#8221; css=&#8221;&#8221; link=&#8221;url:https%3A%2F%2Fwww.gosc.pl%2Fdoc%2F7409022.Jesli-sie-nie-nawrocicie|target:_blank&#8221;][vc_separator color=&#8221;black&#8221; css=&#8221;&#8221;][vc_column_text css=&#8221;&#8221;]<\/p>\n<ul>\n<li>\n<h3>Raciborskie Ksi\u0119stwo Poezji<\/h3>\n<\/li>\n<\/ul>\n<p>Piastowskie ksi\u0119stwo raciborskie (Ducatus Ratiboria) powsta\u0142o w 1172 roku, a pierwszym jego ksi\u0119ciem by\u0142 Mieszko I Pl\u0105tonogi. Raciborskie Ksi\u0119stwo Poezji powsta\u0142o \u2013 dla mnie \u2013 w roku 2005, a jego ksi\u0105\u017c\u0119ta to Janusz Nowak i Marek Rapnicki.<\/p>\n<p>16.12.2021 00:00 GN 50\/2021<\/p>\n<p>[\/vc_column_text][vc_btn title=&#8221;Kliknij tutaj aby przeczyta\u0107 artyku\u0142&#8221; style=&#8221;classic&#8221; color=&#8221;green&#8221; css=&#8221;&#8221; link=&#8221;url:https%3A%2F%2Fwww.gosc.pl%2Fdoc%2F7271232.Raciborskie-Ksiestwo-Poezji|target:_blank&#8221;][vc_separator color=&#8221;black&#8221; css=&#8221;&#8221;][vc_column_text css=&#8221;&#8221;]<\/p>\n<ul>\n<li>\n<h3>Chrze\u015bcija\u0144stwo jest prawd\u0105<\/h3>\n<\/li>\n<\/ul>\n<p>Na chrze\u015bcijanach ci\u0105\u017cy odpowiedzialno\u015b\u0107, aby \u015bwiat nie odszed\u0142 od Boga.<\/p>\n<p>19.09.2019 00:00 GN 38\/2019<\/p>\n<p>[\/vc_column_text][vc_btn title=&#8221;Kliknij tutaj aby przeczyta\u0107 artyku\u0142&#8221; style=&#8221;classic&#8221; color=&#8221;green&#8221; css=&#8221;&#8221; link=&#8221;url:https%3A%2F%2Fwww.gosc.pl%2Fdoc%2F5864955.Chrzescijanstwo-jest-prawda|target:_blank&#8221;][vc_separator color=&#8221;black&#8221; css=&#8221;&#8221;][vc_column_text css=&#8221;&#8221;]<\/p>\n<ul>\n<li>\n<h3>Wierz\u0105cy rozum<\/h3>\n<\/li>\n<\/ul>\n<p>D\u0105\u017cenie do bezkonfliktowego po\u0142\u0105czenia Ko\u015bcio\u0142a ze \u015bwiatem oznacza, \u017ce nie docenia si\u0119 istoty Ko\u015bcio\u0142a i istoty \u015bwiata.<\/p>\n<p>26.01.2017 00:00 GN 04\/2017<\/p>\n<p>[\/vc_column_text][vc_btn title=&#8221;Kliknij tutaj aby przeczyta\u0107 artyku\u0142&#8221; style=&#8221;classic&#8221; color=&#8221;green&#8221; css=&#8221;&#8221; link=&#8221;url:https%3A%2F%2Fwww.gosc.pl%2Fdoc%2F3670558.Wierzacy-rozum|target:_blank&#8221;][vc_separator color=&#8221;black&#8221; css=&#8221;&#8221;][\/vc_column][vc_column][\/vc_column][\/vc_row]<\/p>\n<\/div>","protected":false},"excerpt":{"rendered":"<p>[vc_row][vc_column][vc_column_text css=&#8221;&#8221;] Katolicyzm wed\u0142ug Jona Fosse Teraz ju\u017c rozumiem tego Nobla: je\u015bli dajemy katolikowi, to liberalnemu. 15.01.2026 00:00 \u00a0GN 3\/2026[\/vc_column_text][vc_btn title=&#8221;Kliknij tutaj aby przeczyta\u0107 artyku\u0142&#8221; style=&#8221;classic&#8221; color=&#8221;green&#8221; css=&#8221;&#8221; link=&#8221;url:https%3A%2F%2Fwww.gosc.pl%2Fdoc%2F9562774.Katolicyzm-wedlug-Jona-Fosse|target:_blank&#8221;][vc_separator color=&#8221;black&#8221; css=&#8221;&#8221;][vc_column_text css=&#8221;&#8221;] \u015ani\u0142a si\u0119 zima Pochwalona w Ko\u015bciele niech b\u0119dzie s\u0142abo\u015b\u0107. 11.12.2025 00:00 \u00a0GN 50\/2025[\/vc_column_text][vc_btn title=&#8221;Kliknij tutaj aby przeczyta\u0107 artyku\u0142&#8221; style=&#8221;classic&#8221; color=&#8221;green&#8221; css=&#8221;&#8221; link=&#8221;url:https%3A%2F%2Fwww.gosc.pl%2Fdoc%2F9524081.Snila-sie-zima|target:_blank&#8221;][vc_separator color=&#8221;black&#8221;&hellip;<\/p>\n","protected":false},"author":1,"featured_media":0,"parent":0,"menu_order":0,"comment_status":"closed","ping_status":"open","template":"","meta":{"give_campaign_id":0,"footnotes":""},"class_list":["post-2","page","type-page","status-publish","hentry","description-off"],"campaignId":"","_links":{"self":[{"href":"https:\/\/jerzyszymik.pl\/index.php\/wp-json\/wp\/v2\/pages\/2","targetHints":{"allow":["GET"]}}],"collection":[{"href":"https:\/\/jerzyszymik.pl\/index.php\/wp-json\/wp\/v2\/pages"}],"about":[{"href":"https:\/\/jerzyszymik.pl\/index.php\/wp-json\/wp\/v2\/types\/page"}],"author":[{"embeddable":true,"href":"https:\/\/jerzyszymik.pl\/index.php\/wp-json\/wp\/v2\/users\/1"}],"replies":[{"embeddable":true,"href":"https:\/\/jerzyszymik.pl\/index.php\/wp-json\/wp\/v2\/comments?post=2"}],"version-history":[{"count":21,"href":"https:\/\/jerzyszymik.pl\/index.php\/wp-json\/wp\/v2\/pages\/2\/revisions"}],"predecessor-version":[{"id":1600,"href":"https:\/\/jerzyszymik.pl\/index.php\/wp-json\/wp\/v2\/pages\/2\/revisions\/1600"}],"wp:attachment":[{"href":"https:\/\/jerzyszymik.pl\/index.php\/wp-json\/wp\/v2\/media?parent=2"}],"curies":[{"name":"wp","href":"https:\/\/api.w.org\/{rel}","templated":true}]}}