{"id":185,"date":"2019-06-01T08:42:37","date_gmt":"2019-06-01T12:42:37","guid":{"rendered":"http:\/\/jerzyszymik.pl\/index.php\/donation-history\/"},"modified":"2025-05-29T16:21:44","modified_gmt":"2025-05-29T16:21:44","slug":"bibliografiaitekstyo","status":"publish","type":"page","link":"https:\/\/jerzyszymik.pl\/index.php\/bibliografiaitekstyo\/","title":{"rendered":"Bibliografia i teksty o ks. Szymiku"},"content":{"rendered":"<div class=\"wpb-content-wrapper\"><p>[vc_row][vc_column width=&#8221;1\/2&#8243;][vc_single_image image=&#8221;1418&#8243; img_size=&#8221;large&#8221; css=&#8221;&#8221;][\/vc_column][vc_column width=&#8221;1\/2&#8243;][vc_column_text css=&#8221;&#8221;]<\/p>\n<p>&nbsp;<\/p>\n<p style=\"text-align: center;\">Kliknij <a href=\"http:\/\/jerzyszymik.pl\/wp-content\/uploads\/2025\/05\/Bibliografia.docx\">tutaj<\/a>, aby pobra\u0107 bibliografi\u0119 ks. Jerzego Szymika.<\/p>\n<p>&nbsp;<\/p>\n<p style=\"text-align: center;\">Kliknij <a href=\"http:\/\/jerzyszymik.pl\/wp-content\/uploads\/2025\/05\/Teksty-o-ks.-Szymiku.doc\">tutaj<\/a>, aby pobra\u0107 bibliografi\u0119 tekst\u00f3w o ks. Jerzym Szymiku.<\/p>\n<p>[\/vc_column_text][\/vc_column][\/vc_row]<\/p>\n<\/div>","protected":false},"excerpt":{"rendered":"<p>[vc_row][vc_column width=&#8221;1\/2&#8243;][vc_single_image image=&#8221;1418&#8243; img_size=&#8221;large&#8221; css=&#8221;&#8221;][\/vc_column][vc_column width=&#8221;1\/2&#8243;][vc_column_text css=&#8221;&#8221;] &nbsp; Kliknij tutaj, aby pobra\u0107 bibliografi\u0119 ks. Jerzego Szymika. &nbsp; Kliknij tutaj, aby pobra\u0107 bibliografi\u0119 tekst\u00f3w o ks. Jerzym Szymiku. [\/vc_column_text][\/vc_column][\/vc_row]<\/p>\n","protected":false},"author":1,"featured_media":0,"parent":0,"menu_order":0,"comment_status":"closed","ping_status":"closed","template":"","meta":{"give_campaign_id":0,"footnotes":""},"class_list":["post-185","page","type-page","status-publish","hentry","description-off"],"campaignId":"","_links":{"self":[{"href":"https:\/\/jerzyszymik.pl\/index.php\/wp-json\/wp\/v2\/pages\/185","targetHints":{"allow":["GET"]}}],"collection":[{"href":"https:\/\/jerzyszymik.pl\/index.php\/wp-json\/wp\/v2\/pages"}],"about":[{"href":"https:\/\/jerzyszymik.pl\/index.php\/wp-json\/wp\/v2\/types\/page"}],"author":[{"embeddable":true,"href":"https:\/\/jerzyszymik.pl\/index.php\/wp-json\/wp\/v2\/users\/1"}],"replies":[{"embeddable":true,"href":"https:\/\/jerzyszymik.pl\/index.php\/wp-json\/wp\/v2\/comments?post=185"}],"version-history":[{"count":7,"href":"https:\/\/jerzyszymik.pl\/index.php\/wp-json\/wp\/v2\/pages\/185\/revisions"}],"predecessor-version":[{"id":1537,"href":"https:\/\/jerzyszymik.pl\/index.php\/wp-json\/wp\/v2\/pages\/185\/revisions\/1537"}],"wp:attachment":[{"href":"https:\/\/jerzyszymik.pl\/index.php\/wp-json\/wp\/v2\/media?parent=185"}],"curies":[{"name":"wp","href":"https:\/\/api.w.org\/{rel}","templated":true}]}}